{"id":9892,"date":"2024-04-20T00:50:07","date_gmt":"2024-04-19T21:50:07","guid":{"rendered":"https:\/\/hamsayapi.com\/?post_type=product&#038;p=9892"},"modified":"2024-04-20T00:50:08","modified_gmt":"2024-04-19T21:50:08","slug":"freze-uclari-icin-aksesuarlar","status":"publish","type":"product","link":"https:\/\/hamsayapi.com\/index.php\/urun\/freze-uclari-icin-aksesuarlar\/","title":{"rendered":"Freze U\u00e7lar\u0131 \u0130\u00e7in Aksesuarlar"},"content":{"rendered":"","protected":false},"excerpt":{"rendered":"","protected":false},"featured_media":9893,"comment_status":"open","ping_status":"closed","template":"","meta":[],"pwb-brand":[],"product_brand":[],"product_cat":[137,118],"product_tag":[364],"class_list":{"0":"post-9892","1":"product","2":"type-product","3":"status-publish","4":"has-post-thumbnail","6":"product_cat-freze-uclari-ve-palanya-bicaklari","7":"product_cat-kesme-delme-ve-asindiricilar","8":"product_tag-freze-uclari-icin-aksesuarlar","10":"first","11":"instock","12":"shipping-taxable","13":"product-type-simple"},"brands":[],"_links":{"self":[{"href":"https:\/\/hamsayapi.com\/index.php\/wp-json\/wp\/v2\/product\/9892","targetHints":{"allow":["GET"]}}],"collection":[{"href":"https:\/\/hamsayapi.com\/index.php\/wp-json\/wp\/v2\/product"}],"about":[{"href":"https:\/\/hamsayapi.com\/index.php\/wp-json\/wp\/v2\/types\/product"}],"replies":[{"embeddable":true,"href":"https:\/\/hamsayapi.com\/index.php\/wp-json\/wp\/v2\/comments?post=9892"}],"version-history":[{"count":1,"href":"https:\/\/hamsayapi.com\/index.php\/wp-json\/wp\/v2\/product\/9892\/revisions"}],"predecessor-version":[{"id":9894,"href":"https:\/\/hamsayapi.com\/index.php\/wp-json\/wp\/v2\/product\/9892\/revisions\/9894"}],"wp:featuredmedia":[{"embeddable":true,"href":"https:\/\/hamsayapi.com\/index.php\/wp-json\/wp\/v2\/media\/9893"}],"wp:attachment":[{"href":"https:\/\/hamsayapi.com\/index.php\/wp-json\/wp\/v2\/media?parent=9892"}],"wp:term":[{"taxonomy":"pwb-brand","embeddable":true,"href":"https:\/\/hamsayapi.com\/index.php\/wp-json\/wp\/v2\/pwb-brand?post=9892"},{"taxonomy":"product_brand","embeddable":true,"href":"https:\/\/hamsayapi.com\/index.php\/wp-json\/wp\/v2\/product_brand?post=9892"},{"taxonomy":"product_cat","embeddable":true,"href":"https:\/\/hamsayapi.com\/index.php\/wp-json\/wp\/v2\/product_cat?post=9892"},{"taxonomy":"product_tag","embeddable":true,"href":"https:\/\/hamsayapi.com\/index.php\/wp-json\/wp\/v2\/product_tag?post=9892"}],"curies":[{"name":"wp","href":"https:\/\/api.w.org\/{rel}","templated":true}]}}