{"id":9853,"date":"2024-04-20T00:40:27","date_gmt":"2024-04-19T21:40:27","guid":{"rendered":"https:\/\/hamsayapi.com\/?post_type=product&#038;p=9853"},"modified":"2024-04-20T00:40:27","modified_gmt":"2024-04-19T21:40:27","slug":"mte-normu-tek-agizli-aluminyum-freze","status":"publish","type":"product","link":"https:\/\/hamsayapi.com\/index.php\/urun\/mte-normu-tek-agizli-aluminyum-freze\/","title":{"rendered":"MTE Normu Tek A\u011f\u0131zl\u0131 Al\u00fcminyum Freze"},"content":{"rendered":"","protected":false},"excerpt":{"rendered":"","protected":false},"featured_media":9854,"comment_status":"open","ping_status":"closed","template":"","meta":[],"pwb-brand":[],"product_brand":[],"product_cat":[135,118,330],"product_tag":[353],"class_list":{"0":"post-9853","1":"product","2":"type-product","3":"status-publish","4":"has-post-thumbnail","6":"product_cat-frezeler","7":"product_cat-kesme-delme-ve-asindiricilar","8":"product_cat-saftli-freze","9":"product_tag-mte-normu-tek-agizli-aluminyum-freze","11":"first","12":"instock","13":"shipping-taxable","14":"product-type-simple"},"brands":[],"_links":{"self":[{"href":"https:\/\/hamsayapi.com\/index.php\/wp-json\/wp\/v2\/product\/9853","targetHints":{"allow":["GET"]}}],"collection":[{"href":"https:\/\/hamsayapi.com\/index.php\/wp-json\/wp\/v2\/product"}],"about":[{"href":"https:\/\/hamsayapi.com\/index.php\/wp-json\/wp\/v2\/types\/product"}],"replies":[{"embeddable":true,"href":"https:\/\/hamsayapi.com\/index.php\/wp-json\/wp\/v2\/comments?post=9853"}],"version-history":[{"count":2,"href":"https:\/\/hamsayapi.com\/index.php\/wp-json\/wp\/v2\/product\/9853\/revisions"}],"predecessor-version":[{"id":9856,"href":"https:\/\/hamsayapi.com\/index.php\/wp-json\/wp\/v2\/product\/9853\/revisions\/9856"}],"wp:featuredmedia":[{"embeddable":true,"href":"https:\/\/hamsayapi.com\/index.php\/wp-json\/wp\/v2\/media\/9854"}],"wp:attachment":[{"href":"https:\/\/hamsayapi.com\/index.php\/wp-json\/wp\/v2\/media?parent=9853"}],"wp:term":[{"taxonomy":"pwb-brand","embeddable":true,"href":"https:\/\/hamsayapi.com\/index.php\/wp-json\/wp\/v2\/pwb-brand?post=9853"},{"taxonomy":"product_brand","embeddable":true,"href":"https:\/\/hamsayapi.com\/index.php\/wp-json\/wp\/v2\/product_brand?post=9853"},{"taxonomy":"product_cat","embeddable":true,"href":"https:\/\/hamsayapi.com\/index.php\/wp-json\/wp\/v2\/product_cat?post=9853"},{"taxonomy":"product_tag","embeddable":true,"href":"https:\/\/hamsayapi.com\/index.php\/wp-json\/wp\/v2\/product_tag?post=9853"}],"curies":[{"name":"wp","href":"https:\/\/api.w.org\/{rel}","templated":true}]}}