{"id":9039,"date":"2024-04-17T21:13:45","date_gmt":"2024-04-17T18:13:45","guid":{"rendered":"https:\/\/hamsayapi.com\/?post_type=product&#038;p=9039"},"modified":"2024-05-01T18:52:28","modified_gmt":"2024-05-01T15:52:28","slug":"beybi-korun-eldiven-turuncu","status":"publish","type":"product","link":"https:\/\/hamsayapi.com\/index.php\/urun\/beybi-korun-eldiven-turuncu\/","title":{"rendered":"Beybi Korun Eldiven Turuncu"},"content":{"rendered":"","protected":false},"excerpt":{"rendered":"<p>BEYB\u0130 KORUN ELD\u0130VEN TURUNCU<br \/>\n&#8211; \u0130\u00e7 yuzeyi pamuk tozu ile kaplanm\u0131\u015ft\u0131r.<br \/>\n&#8211; \u00d6zel parmak kal\u0131nl\u0131\u011f\u0131na sahiptir<br \/>\n&#8211; Ekstra kalitesiyle sanayi alan\u0131nda,<br \/>\n\u00f6zellikle tu\u011fla ve mermer i\u015flerinde<br \/>\ng\u00fcvenle kullanabilirsiniz.<\/p>\n","protected":false},"featured_media":9040,"comment_status":"open","ping_status":"closed","template":"","meta":[],"pwb-brand":[],"product_brand":[],"product_cat":[1937,80],"product_tag":[93],"class_list":{"0":"post-9039","1":"product","2":"type-product","3":"status-publish","4":"has-post-thumbnail","6":"product_cat-eldivenler","7":"product_cat-is-guvenligi","8":"product_tag-beybi-korun-eldiven-turuncu","10":"first","11":"instock","12":"shipping-taxable","13":"product-type-simple"},"brands":[],"_links":{"self":[{"href":"https:\/\/hamsayapi.com\/index.php\/wp-json\/wp\/v2\/product\/9039","targetHints":{"allow":["GET"]}}],"collection":[{"href":"https:\/\/hamsayapi.com\/index.php\/wp-json\/wp\/v2\/product"}],"about":[{"href":"https:\/\/hamsayapi.com\/index.php\/wp-json\/wp\/v2\/types\/product"}],"replies":[{"embeddable":true,"href":"https:\/\/hamsayapi.com\/index.php\/wp-json\/wp\/v2\/comments?post=9039"}],"version-history":[{"count":1,"href":"https:\/\/hamsayapi.com\/index.php\/wp-json\/wp\/v2\/product\/9039\/revisions"}],"predecessor-version":[{"id":9041,"href":"https:\/\/hamsayapi.com\/index.php\/wp-json\/wp\/v2\/product\/9039\/revisions\/9041"}],"wp:featuredmedia":[{"embeddable":true,"href":"https:\/\/hamsayapi.com\/index.php\/wp-json\/wp\/v2\/media\/9040"}],"wp:attachment":[{"href":"https:\/\/hamsayapi.com\/index.php\/wp-json\/wp\/v2\/media?parent=9039"}],"wp:term":[{"taxonomy":"pwb-brand","embeddable":true,"href":"https:\/\/hamsayapi.com\/index.php\/wp-json\/wp\/v2\/pwb-brand?post=9039"},{"taxonomy":"product_brand","embeddable":true,"href":"https:\/\/hamsayapi.com\/index.php\/wp-json\/wp\/v2\/product_brand?post=9039"},{"taxonomy":"product_cat","embeddable":true,"href":"https:\/\/hamsayapi.com\/index.php\/wp-json\/wp\/v2\/product_cat?post=9039"},{"taxonomy":"product_tag","embeddable":true,"href":"https:\/\/hamsayapi.com\/index.php\/wp-json\/wp\/v2\/product_tag?post=9039"}],"curies":[{"name":"wp","href":"https:\/\/api.w.org\/{rel}","templated":true}]}}