{"id":8998,"date":"2024-04-17T21:02:31","date_gmt":"2024-04-17T18:02:31","guid":{"rendered":"https:\/\/hamsayapi.com\/?post_type=product&#038;p=8998"},"modified":"2024-05-01T18:55:34","modified_gmt":"2024-05-01T15:55:34","slug":"beybi-nitril-eldiven-el-350","status":"publish","type":"product","link":"https:\/\/hamsayapi.com\/index.php\/urun\/beybi-nitril-eldiven-el-350\/","title":{"rendered":"Beybi Nitril Eldiven El-350"},"content":{"rendered":"","protected":false},"excerpt":{"rendered":"<p>BEYB\u0130 N\u0130TR\u0130L ELD\u0130VEN EL-350<br \/>\n&#8211; Nitril kaplamal\u0131 ve \u00f6rg\u00fc bileklidir<br \/>\n&#8211; Y\u0131rt\u0131lma ve delinmeye kar\u015f\u0131 diren\u00e7lidir<br \/>\n&#8211; Montaj, otomotiv sanayi, par\u00e7a \u00fcretimi, y\u00fckleme ve<br \/>\nhafif sanayi i\u015flerinde rahatl\u0131kla kullan\u0131labilir<\/p>\n","protected":false},"featured_media":8999,"comment_status":"open","ping_status":"closed","template":"","meta":[],"pwb-brand":[],"product_brand":[],"product_cat":[1937,80],"product_tag":[81],"class_list":{"0":"post-8998","1":"product","2":"type-product","3":"status-publish","4":"has-post-thumbnail","6":"product_cat-eldivenler","7":"product_cat-is-guvenligi","8":"product_tag-beybi-nitril-eldiven-el-350","10":"first","11":"instock","12":"shipping-taxable","13":"product-type-simple"},"brands":[],"_links":{"self":[{"href":"https:\/\/hamsayapi.com\/index.php\/wp-json\/wp\/v2\/product\/8998","targetHints":{"allow":["GET"]}}],"collection":[{"href":"https:\/\/hamsayapi.com\/index.php\/wp-json\/wp\/v2\/product"}],"about":[{"href":"https:\/\/hamsayapi.com\/index.php\/wp-json\/wp\/v2\/types\/product"}],"replies":[{"embeddable":true,"href":"https:\/\/hamsayapi.com\/index.php\/wp-json\/wp\/v2\/comments?post=8998"}],"version-history":[{"count":1,"href":"https:\/\/hamsayapi.com\/index.php\/wp-json\/wp\/v2\/product\/8998\/revisions"}],"predecessor-version":[{"id":9000,"href":"https:\/\/hamsayapi.com\/index.php\/wp-json\/wp\/v2\/product\/8998\/revisions\/9000"}],"wp:featuredmedia":[{"embeddable":true,"href":"https:\/\/hamsayapi.com\/index.php\/wp-json\/wp\/v2\/media\/8999"}],"wp:attachment":[{"href":"https:\/\/hamsayapi.com\/index.php\/wp-json\/wp\/v2\/media?parent=8998"}],"wp:term":[{"taxonomy":"pwb-brand","embeddable":true,"href":"https:\/\/hamsayapi.com\/index.php\/wp-json\/wp\/v2\/pwb-brand?post=8998"},{"taxonomy":"product_brand","embeddable":true,"href":"https:\/\/hamsayapi.com\/index.php\/wp-json\/wp\/v2\/product_brand?post=8998"},{"taxonomy":"product_cat","embeddable":true,"href":"https:\/\/hamsayapi.com\/index.php\/wp-json\/wp\/v2\/product_cat?post=8998"},{"taxonomy":"product_tag","embeddable":true,"href":"https:\/\/hamsayapi.com\/index.php\/wp-json\/wp\/v2\/product_tag?post=8998"}],"curies":[{"name":"wp","href":"https:\/\/api.w.org\/{rel}","templated":true}]}}