{"id":21038,"date":"2024-10-27T22:35:06","date_gmt":"2024-10-27T19:35:06","guid":{"rendered":"https:\/\/hamsayapi.com\/?post_type=product&#038;p=21038"},"modified":"2024-10-27T22:35:06","modified_gmt":"2024-10-27T19:35:06","slug":"2-adet-surgulu-kapili-ve-2-adet-sabit-panelli-onden-dusa-kabin-5","status":"publish","type":"product","link":"https:\/\/hamsayapi.com\/index.php\/urun\/2-adet-surgulu-kapili-ve-2-adet-sabit-panelli-onden-dusa-kabin-5\/","title":{"rendered":"2 Adet S\u00fcrg\u00fcl\u00fc Kap\u0131l\u0131 ve 2 Adet Sabit Panelli \u00d6nden Du\u015fa Kabin"},"content":{"rendered":"","protected":false},"excerpt":{"rendered":"<div class=\"left\">\n<div class=\"form-group\"><label>Boyutlar: <\/label> <span id=\"dim-txt\">1600 x 1950 mm<br \/>\n<\/span>(uzunluk, geni\u015flik, y\u00fckseklik)<\/div>\n<\/div>\n","protected":false},"featured_media":20921,"comment_status":"open","ping_status":"closed","template":"","meta":[],"pwb-brand":[2778],"product_brand":[],"product_cat":[2870,2691],"product_tag":[2877],"class_list":{"0":"post-21038","1":"product","2":"type-product","3":"status-publish","4":"has-post-thumbnail","6":"pwb-brand-roca","7":"product_cat-dus-kabinler","8":"product_cat-lavabo-tamamlayicilari","9":"product_tag-2-adet-surgulu-kapili-ve-2-adet-sabit-panelli-onden-dusa-kabin","11":"first","12":"instock","13":"shipping-taxable","14":"product-type-simple"},"brands":[{"id":2778,"name":"Roca","slug":"roca"}],"_links":{"self":[{"href":"https:\/\/hamsayapi.com\/index.php\/wp-json\/wp\/v2\/product\/21038","targetHints":{"allow":["GET"]}}],"collection":[{"href":"https:\/\/hamsayapi.com\/index.php\/wp-json\/wp\/v2\/product"}],"about":[{"href":"https:\/\/hamsayapi.com\/index.php\/wp-json\/wp\/v2\/types\/product"}],"replies":[{"embeddable":true,"href":"https:\/\/hamsayapi.com\/index.php\/wp-json\/wp\/v2\/comments?post=21038"}],"version-history":[{"count":1,"href":"https:\/\/hamsayapi.com\/index.php\/wp-json\/wp\/v2\/product\/21038\/revisions"}],"predecessor-version":[{"id":21039,"href":"https:\/\/hamsayapi.com\/index.php\/wp-json\/wp\/v2\/product\/21038\/revisions\/21039"}],"wp:featuredmedia":[{"embeddable":true,"href":"https:\/\/hamsayapi.com\/index.php\/wp-json\/wp\/v2\/media\/20921"}],"wp:attachment":[{"href":"https:\/\/hamsayapi.com\/index.php\/wp-json\/wp\/v2\/media?parent=21038"}],"wp:term":[{"taxonomy":"pwb-brand","embeddable":true,"href":"https:\/\/hamsayapi.com\/index.php\/wp-json\/wp\/v2\/pwb-brand?post=21038"},{"taxonomy":"product_brand","embeddable":true,"href":"https:\/\/hamsayapi.com\/index.php\/wp-json\/wp\/v2\/product_brand?post=21038"},{"taxonomy":"product_cat","embeddable":true,"href":"https:\/\/hamsayapi.com\/index.php\/wp-json\/wp\/v2\/product_cat?post=21038"},{"taxonomy":"product_tag","embeddable":true,"href":"https:\/\/hamsayapi.com\/index.php\/wp-json\/wp\/v2\/product_tag?post=21038"}],"curies":[{"name":"wp","href":"https:\/\/api.w.org\/{rel}","templated":true}]}}