{"id":20444,"date":"2024-10-26T23:20:17","date_gmt":"2024-10-26T20:20:17","guid":{"rendered":"https:\/\/hamsayapi.com\/?post_type=product&#038;p=20444"},"modified":"2024-10-26T23:20:17","modified_gmt":"2024-10-26T20:20:17","slug":"plate-x1-duz-drenaj-kanali-in-drain-channel-dus-kanali-govdesi-ile-uyumlu","status":"publish","type":"product","link":"https:\/\/hamsayapi.com\/index.php\/urun\/plate-x1-duz-drenaj-kanali-in-drain-channel-dus-kanali-govdesi-ile-uyumlu\/","title":{"rendered":"PLATE X1 &#8211; D\u00fcz Drenaj Kanal\u0131 (In-Drain Channel du\u015f kanal\u0131 g\u00f6vdesi ile uyumlu)"},"content":{"rendered":"","protected":false},"excerpt":{"rendered":"<div class=\"left\">\n<div class=\"form-group\"><label>Boyutlar: <\/label> <span id=\"dim-txt\">750 x 50 mm<br \/>\n<\/span>(uzunluk, geni\u015flik, y\u00fckseklik)<\/div>\n<\/div>\n","protected":false},"featured_media":20445,"comment_status":"open","ping_status":"closed","template":"","meta":[],"pwb-brand":[2778],"product_brand":[],"product_cat":[2820,2691],"product_tag":[2834],"class_list":{"0":"post-20444","1":"product","2":"type-product","3":"status-publish","4":"has-post-thumbnail","6":"pwb-brand-roca","7":"product_cat-dus-tekneleri","8":"product_cat-lavabo-tamamlayicilari","9":"product_tag-plate-x1-duz-drenaj-kanali-in-drain-channel-dus-kanali-govdesi-ile-uyumlu","11":"first","12":"instock","13":"shipping-taxable","14":"product-type-simple"},"brands":[{"id":2778,"name":"Roca","slug":"roca"}],"_links":{"self":[{"href":"https:\/\/hamsayapi.com\/index.php\/wp-json\/wp\/v2\/product\/20444","targetHints":{"allow":["GET"]}}],"collection":[{"href":"https:\/\/hamsayapi.com\/index.php\/wp-json\/wp\/v2\/product"}],"about":[{"href":"https:\/\/hamsayapi.com\/index.php\/wp-json\/wp\/v2\/types\/product"}],"replies":[{"embeddable":true,"href":"https:\/\/hamsayapi.com\/index.php\/wp-json\/wp\/v2\/comments?post=20444"}],"version-history":[{"count":1,"href":"https:\/\/hamsayapi.com\/index.php\/wp-json\/wp\/v2\/product\/20444\/revisions"}],"predecessor-version":[{"id":20446,"href":"https:\/\/hamsayapi.com\/index.php\/wp-json\/wp\/v2\/product\/20444\/revisions\/20446"}],"wp:featuredmedia":[{"embeddable":true,"href":"https:\/\/hamsayapi.com\/index.php\/wp-json\/wp\/v2\/media\/20445"}],"wp:attachment":[{"href":"https:\/\/hamsayapi.com\/index.php\/wp-json\/wp\/v2\/media?parent=20444"}],"wp:term":[{"taxonomy":"pwb-brand","embeddable":true,"href":"https:\/\/hamsayapi.com\/index.php\/wp-json\/wp\/v2\/pwb-brand?post=20444"},{"taxonomy":"product_brand","embeddable":true,"href":"https:\/\/hamsayapi.com\/index.php\/wp-json\/wp\/v2\/product_brand?post=20444"},{"taxonomy":"product_cat","embeddable":true,"href":"https:\/\/hamsayapi.com\/index.php\/wp-json\/wp\/v2\/product_cat?post=20444"},{"taxonomy":"product_tag","embeddable":true,"href":"https:\/\/hamsayapi.com\/index.php\/wp-json\/wp\/v2\/product_tag?post=20444"}],"curies":[{"name":"wp","href":"https:\/\/api.w.org\/{rel}","templated":true}]}}