{"id":16510,"date":"2024-05-13T21:47:42","date_gmt":"2024-05-13T18:47:42","guid":{"rendered":"https:\/\/hamsayapi.com\/?post_type=product&#038;p=16510"},"modified":"2024-07-27T00:02:44","modified_gmt":"2024-07-26T21:02:44","slug":"aqua-buffer-tanki","status":"publish","type":"product","link":"https:\/\/hamsayapi.com\/index.php\/urun\/aqua-buffer-tanki\/","title":{"rendered":"Aqua Buffer Tank\u0131"},"content":{"rendered":"","protected":false},"excerpt":{"rendered":"<ul>\n<li>Y\u00fcksek Kalite Malzeme Kalitesi ile \u00dcst\u00fcn Tesisat ve \u00dcr\u00fcn Emniyeti<\/li>\n<li>Y\u00fcksek S\u0131cakl\u0131klarda Bile Uzun \u00d6m\u00fcrl\u00fc \u00dcr\u00fcn Kalitesi<\/li>\n<\/ul>\n","protected":false},"featured_media":16505,"comment_status":"closed","ping_status":"closed","template":"","meta":[],"pwb-brand":[],"product_brand":[],"product_cat":[2338,2339],"product_tag":[2353],"class_list":{"0":"post-16510","1":"product","2":"type-product","3":"status-publish","4":"has-post-thumbnail","6":"product_cat-isitma-sistemleri","7":"product_cat-su-isiticilari","8":"product_tag-aqua-buffer-tanki","10":"first","11":"instock","12":"shipping-taxable","13":"product-type-simple"},"brands":[],"_links":{"self":[{"href":"https:\/\/hamsayapi.com\/index.php\/wp-json\/wp\/v2\/product\/16510","targetHints":{"allow":["GET"]}}],"collection":[{"href":"https:\/\/hamsayapi.com\/index.php\/wp-json\/wp\/v2\/product"}],"about":[{"href":"https:\/\/hamsayapi.com\/index.php\/wp-json\/wp\/v2\/types\/product"}],"replies":[{"embeddable":true,"href":"https:\/\/hamsayapi.com\/index.php\/wp-json\/wp\/v2\/comments?post=16510"}],"version-history":[{"count":2,"href":"https:\/\/hamsayapi.com\/index.php\/wp-json\/wp\/v2\/product\/16510\/revisions"}],"predecessor-version":[{"id":16512,"href":"https:\/\/hamsayapi.com\/index.php\/wp-json\/wp\/v2\/product\/16510\/revisions\/16512"}],"wp:featuredmedia":[{"embeddable":true,"href":"https:\/\/hamsayapi.com\/index.php\/wp-json\/wp\/v2\/media\/16505"}],"wp:attachment":[{"href":"https:\/\/hamsayapi.com\/index.php\/wp-json\/wp\/v2\/media?parent=16510"}],"wp:term":[{"taxonomy":"pwb-brand","embeddable":true,"href":"https:\/\/hamsayapi.com\/index.php\/wp-json\/wp\/v2\/pwb-brand?post=16510"},{"taxonomy":"product_brand","embeddable":true,"href":"https:\/\/hamsayapi.com\/index.php\/wp-json\/wp\/v2\/product_brand?post=16510"},{"taxonomy":"product_cat","embeddable":true,"href":"https:\/\/hamsayapi.com\/index.php\/wp-json\/wp\/v2\/product_cat?post=16510"},{"taxonomy":"product_tag","embeddable":true,"href":"https:\/\/hamsayapi.com\/index.php\/wp-json\/wp\/v2\/product_tag?post=16510"}],"curies":[{"name":"wp","href":"https:\/\/api.w.org\/{rel}","templated":true}]}}