{"id":16469,"date":"2024-05-13T20:27:02","date_gmt":"2024-05-13T17:27:02","guid":{"rendered":"https:\/\/hamsayapi.com\/?post_type=product&#038;p=16469"},"modified":"2024-07-26T23:57:17","modified_gmt":"2024-07-26T20:57:17","slug":"baymak-aqua-konfor-silindirik","status":"publish","type":"product","link":"https:\/\/hamsayapi.com\/index.php\/urun\/baymak-aqua-konfor-silindirik\/","title":{"rendered":"Baymak Aqua Konfor Silindirik"},"content":{"rendered":"","protected":false},"excerpt":{"rendered":"<ul>\n<li>3 Y\u0131l Garanti<\/li>\n<li>\u00d6zel Emaye Teknolojisi Sayesinde Uzun \u00d6m\u00fcr<\/li>\n<li>4 Farkl\u0131 Emniyet Sistemi ile G\u00fcvenli Tasar\u0131m<\/li>\n<li>Korozyona Kar\u015f\u0131 Koruma<\/li>\n<li>\u00c7evirmeli D\u00fc\u011fme Sayesinde Kolay Kullan\u0131m<\/li>\n<li>Y\u00fcksek Kaliteli \u0130zolasyon Sayesinde Enerji Tasarrufu<\/li>\n<\/ul>\n","protected":false},"featured_media":16471,"comment_status":"open","ping_status":"closed","template":"","meta":[],"pwb-brand":[],"product_brand":[],"product_cat":[2338,2339],"product_tag":[2342],"class_list":{"0":"post-16469","1":"product","2":"type-product","3":"status-publish","4":"has-post-thumbnail","6":"product_cat-isitma-sistemleri","7":"product_cat-su-isiticilari","8":"product_tag-baymak-aqua-konfor-silindirik","10":"first","11":"instock","12":"shipping-taxable","13":"product-type-simple"},"brands":[],"_links":{"self":[{"href":"https:\/\/hamsayapi.com\/index.php\/wp-json\/wp\/v2\/product\/16469","targetHints":{"allow":["GET"]}}],"collection":[{"href":"https:\/\/hamsayapi.com\/index.php\/wp-json\/wp\/v2\/product"}],"about":[{"href":"https:\/\/hamsayapi.com\/index.php\/wp-json\/wp\/v2\/types\/product"}],"replies":[{"embeddable":true,"href":"https:\/\/hamsayapi.com\/index.php\/wp-json\/wp\/v2\/comments?post=16469"}],"version-history":[{"count":1,"href":"https:\/\/hamsayapi.com\/index.php\/wp-json\/wp\/v2\/product\/16469\/revisions"}],"predecessor-version":[{"id":16472,"href":"https:\/\/hamsayapi.com\/index.php\/wp-json\/wp\/v2\/product\/16469\/revisions\/16472"}],"wp:featuredmedia":[{"embeddable":true,"href":"https:\/\/hamsayapi.com\/index.php\/wp-json\/wp\/v2\/media\/16471"}],"wp:attachment":[{"href":"https:\/\/hamsayapi.com\/index.php\/wp-json\/wp\/v2\/media?parent=16469"}],"wp:term":[{"taxonomy":"pwb-brand","embeddable":true,"href":"https:\/\/hamsayapi.com\/index.php\/wp-json\/wp\/v2\/pwb-brand?post=16469"},{"taxonomy":"product_brand","embeddable":true,"href":"https:\/\/hamsayapi.com\/index.php\/wp-json\/wp\/v2\/product_brand?post=16469"},{"taxonomy":"product_cat","embeddable":true,"href":"https:\/\/hamsayapi.com\/index.php\/wp-json\/wp\/v2\/product_cat?post=16469"},{"taxonomy":"product_tag","embeddable":true,"href":"https:\/\/hamsayapi.com\/index.php\/wp-json\/wp\/v2\/product_tag?post=16469"}],"curies":[{"name":"wp","href":"https:\/\/api.w.org\/{rel}","templated":true}]}}