{"id":16211,"date":"2024-05-04T19:33:25","date_gmt":"2024-05-04T16:33:25","guid":{"rendered":"https:\/\/hamsayapi.com\/?post_type=product&#038;p=16211"},"modified":"2024-05-04T19:33:26","modified_gmt":"2024-05-04T16:33:26","slug":"dusey-delikli-tuglalar","status":"publish","type":"product","link":"https:\/\/hamsayapi.com\/index.php\/urun\/dusey-delikli-tuglalar\/","title":{"rendered":"D\u00fc\u015fey Delikli Tu\u011flalar"},"content":{"rendered":"","protected":false},"excerpt":{"rendered":"","protected":false},"featured_media":16218,"comment_status":"open","ping_status":"closed","template":"","meta":[],"pwb-brand":[],"product_brand":[],"product_cat":[2271],"product_tag":[2273],"class_list":{"0":"post-16211","1":"product","2":"type-product","3":"status-publish","4":"has-post-thumbnail","6":"product_cat-tugla","7":"product_tag-dusey-delikli-tuglalar","9":"first","10":"instock","11":"shipping-taxable","12":"product-type-simple"},"brands":[],"_links":{"self":[{"href":"https:\/\/hamsayapi.com\/index.php\/wp-json\/wp\/v2\/product\/16211","targetHints":{"allow":["GET"]}}],"collection":[{"href":"https:\/\/hamsayapi.com\/index.php\/wp-json\/wp\/v2\/product"}],"about":[{"href":"https:\/\/hamsayapi.com\/index.php\/wp-json\/wp\/v2\/types\/product"}],"replies":[{"embeddable":true,"href":"https:\/\/hamsayapi.com\/index.php\/wp-json\/wp\/v2\/comments?post=16211"}],"version-history":[{"count":1,"href":"https:\/\/hamsayapi.com\/index.php\/wp-json\/wp\/v2\/product\/16211\/revisions"}],"predecessor-version":[{"id":16220,"href":"https:\/\/hamsayapi.com\/index.php\/wp-json\/wp\/v2\/product\/16211\/revisions\/16220"}],"wp:featuredmedia":[{"embeddable":true,"href":"https:\/\/hamsayapi.com\/index.php\/wp-json\/wp\/v2\/media\/16218"}],"wp:attachment":[{"href":"https:\/\/hamsayapi.com\/index.php\/wp-json\/wp\/v2\/media?parent=16211"}],"wp:term":[{"taxonomy":"pwb-brand","embeddable":true,"href":"https:\/\/hamsayapi.com\/index.php\/wp-json\/wp\/v2\/pwb-brand?post=16211"},{"taxonomy":"product_brand","embeddable":true,"href":"https:\/\/hamsayapi.com\/index.php\/wp-json\/wp\/v2\/product_brand?post=16211"},{"taxonomy":"product_cat","embeddable":true,"href":"https:\/\/hamsayapi.com\/index.php\/wp-json\/wp\/v2\/product_cat?post=16211"},{"taxonomy":"product_tag","embeddable":true,"href":"https:\/\/hamsayapi.com\/index.php\/wp-json\/wp\/v2\/product_tag?post=16211"}],"curies":[{"name":"wp","href":"https:\/\/api.w.org\/{rel}","templated":true}]}}