{"id":15767,"date":"2024-05-03T22:50:53","date_gmt":"2024-05-03T19:50:53","guid":{"rendered":"https:\/\/hamsayapi.com\/?post_type=product&#038;p=15767"},"modified":"2024-05-03T22:50:53","modified_gmt":"2024-05-03T19:50:53","slug":"teknoizofix-organik-akrilik-esasli-pasta-tipi-yapistirici","status":"publish","type":"product","link":"https:\/\/hamsayapi.com\/index.php\/urun\/teknoizofix-organik-akrilik-esasli-pasta-tipi-yapistirici\/","title":{"rendered":"Teknoizofix Organik Akrilik Esasl\u0131 Pasta Tipi Yap\u0131\u015ft\u0131r\u0131c\u0131"},"content":{"rendered":"","protected":false},"excerpt":{"rendered":"","protected":false},"featured_media":15753,"comment_status":"open","ping_status":"closed","template":"","meta":[],"pwb-brand":[],"product_brand":[],"product_cat":[2107,2050],"product_tag":[2121],"class_list":{"0":"post-15767","1":"product","2":"type-product","3":"status-publish","4":"has-post-thumbnail","6":"product_cat-isi-yalitim-urunleri","7":"product_cat-yapi-kimyasallari","8":"product_tag-teknoizofix-organik-akrilik-esasli-pasta-tipi-yapistirici","10":"first","11":"instock","12":"shipping-taxable","13":"product-type-simple"},"brands":[],"_links":{"self":[{"href":"https:\/\/hamsayapi.com\/index.php\/wp-json\/wp\/v2\/product\/15767","targetHints":{"allow":["GET"]}}],"collection":[{"href":"https:\/\/hamsayapi.com\/index.php\/wp-json\/wp\/v2\/product"}],"about":[{"href":"https:\/\/hamsayapi.com\/index.php\/wp-json\/wp\/v2\/types\/product"}],"replies":[{"embeddable":true,"href":"https:\/\/hamsayapi.com\/index.php\/wp-json\/wp\/v2\/comments?post=15767"}],"version-history":[{"count":1,"href":"https:\/\/hamsayapi.com\/index.php\/wp-json\/wp\/v2\/product\/15767\/revisions"}],"predecessor-version":[{"id":15768,"href":"https:\/\/hamsayapi.com\/index.php\/wp-json\/wp\/v2\/product\/15767\/revisions\/15768"}],"wp:featuredmedia":[{"embeddable":true,"href":"https:\/\/hamsayapi.com\/index.php\/wp-json\/wp\/v2\/media\/15753"}],"wp:attachment":[{"href":"https:\/\/hamsayapi.com\/index.php\/wp-json\/wp\/v2\/media?parent=15767"}],"wp:term":[{"taxonomy":"pwb-brand","embeddable":true,"href":"https:\/\/hamsayapi.com\/index.php\/wp-json\/wp\/v2\/pwb-brand?post=15767"},{"taxonomy":"product_brand","embeddable":true,"href":"https:\/\/hamsayapi.com\/index.php\/wp-json\/wp\/v2\/product_brand?post=15767"},{"taxonomy":"product_cat","embeddable":true,"href":"https:\/\/hamsayapi.com\/index.php\/wp-json\/wp\/v2\/product_cat?post=15767"},{"taxonomy":"product_tag","embeddable":true,"href":"https:\/\/hamsayapi.com\/index.php\/wp-json\/wp\/v2\/product_tag?post=15767"}],"curies":[{"name":"wp","href":"https:\/\/api.w.org\/{rel}","templated":true}]}}