{"id":15277,"date":"2024-05-02T21:08:50","date_gmt":"2024-05-02T18:08:50","guid":{"rendered":"https:\/\/hamsayapi.com\/?post_type=product&#038;p=15277"},"modified":"2024-05-02T21:08:50","modified_gmt":"2024-05-02T18:08:50","slug":"ge-1100-1-koruyucu-gozluk-seffaf","status":"publish","type":"product","link":"https:\/\/hamsayapi.com\/index.php\/urun\/ge-1100-1-koruyucu-gozluk-seffaf\/","title":{"rendered":"GE 1100-1 Koruyucu g\u00f6zl\u00fck \u015eeffaf"},"content":{"rendered":"","protected":false},"excerpt":{"rendered":"","protected":false},"featured_media":15278,"comment_status":"open","ping_status":"closed","template":"","meta":[],"pwb-brand":[],"product_brand":[],"product_cat":[1983,80],"product_tag":[1984],"class_list":{"0":"post-15277","1":"product","2":"type-product","3":"status-publish","4":"has-post-thumbnail","6":"product_cat-goz-koruma","7":"product_cat-is-guvenligi","8":"product_tag-ge-1100-1-koruyucu-gozluk-seffaf","10":"first","11":"instock","12":"shipping-taxable","13":"product-type-simple"},"brands":[],"_links":{"self":[{"href":"https:\/\/hamsayapi.com\/index.php\/wp-json\/wp\/v2\/product\/15277","targetHints":{"allow":["GET"]}}],"collection":[{"href":"https:\/\/hamsayapi.com\/index.php\/wp-json\/wp\/v2\/product"}],"about":[{"href":"https:\/\/hamsayapi.com\/index.php\/wp-json\/wp\/v2\/types\/product"}],"replies":[{"embeddable":true,"href":"https:\/\/hamsayapi.com\/index.php\/wp-json\/wp\/v2\/comments?post=15277"}],"version-history":[{"count":1,"href":"https:\/\/hamsayapi.com\/index.php\/wp-json\/wp\/v2\/product\/15277\/revisions"}],"predecessor-version":[{"id":15279,"href":"https:\/\/hamsayapi.com\/index.php\/wp-json\/wp\/v2\/product\/15277\/revisions\/15279"}],"wp:featuredmedia":[{"embeddable":true,"href":"https:\/\/hamsayapi.com\/index.php\/wp-json\/wp\/v2\/media\/15278"}],"wp:attachment":[{"href":"https:\/\/hamsayapi.com\/index.php\/wp-json\/wp\/v2\/media?parent=15277"}],"wp:term":[{"taxonomy":"pwb-brand","embeddable":true,"href":"https:\/\/hamsayapi.com\/index.php\/wp-json\/wp\/v2\/pwb-brand?post=15277"},{"taxonomy":"product_brand","embeddable":true,"href":"https:\/\/hamsayapi.com\/index.php\/wp-json\/wp\/v2\/product_brand?post=15277"},{"taxonomy":"product_cat","embeddable":true,"href":"https:\/\/hamsayapi.com\/index.php\/wp-json\/wp\/v2\/product_cat?post=15277"},{"taxonomy":"product_tag","embeddable":true,"href":"https:\/\/hamsayapi.com\/index.php\/wp-json\/wp\/v2\/product_tag?post=15277"}],"curies":[{"name":"wp","href":"https:\/\/api.w.org\/{rel}","templated":true}]}}