{"id":10540,"date":"2024-04-21T22:16:46","date_gmt":"2024-04-21T19:16:46","guid":{"rendered":"https:\/\/hamsayapi.com\/?post_type=product&#038;p=10540"},"modified":"2024-04-21T22:16:47","modified_gmt":"2024-04-21T19:16:47","slug":"kaynakci-isi-ve-aleve-dayanikli-tulum","status":"publish","type":"product","link":"https:\/\/hamsayapi.com\/index.php\/urun\/kaynakci-isi-ve-aleve-dayanikli-tulum\/","title":{"rendered":"Kaynak\u00e7\u0131 Is\u0131 ve Aleve Dayan\u0131kl\u0131 Tulum"},"content":{"rendered":"","protected":false},"excerpt":{"rendered":"","protected":false},"featured_media":10541,"comment_status":"open","ping_status":"closed","template":"","meta":[],"pwb-brand":[],"product_brand":[],"product_cat":[458,453,556],"product_tag":[575],"class_list":{"0":"post-10540","1":"product","2":"type-product","3":"status-publish","4":"has-post-thumbnail","6":"product_cat-kaynak-aksesuarlari-ve-kimyasallari","7":"product_cat-kaynak-ve-gaz-ekipmanlari","8":"product_cat-koruyucu-ekipmanlar","9":"product_tag-kaynakci-isi-ve-aleve-dayanikli-tulum","11":"first","12":"instock","13":"shipping-taxable","14":"product-type-simple"},"brands":[],"_links":{"self":[{"href":"https:\/\/hamsayapi.com\/index.php\/wp-json\/wp\/v2\/product\/10540","targetHints":{"allow":["GET"]}}],"collection":[{"href":"https:\/\/hamsayapi.com\/index.php\/wp-json\/wp\/v2\/product"}],"about":[{"href":"https:\/\/hamsayapi.com\/index.php\/wp-json\/wp\/v2\/types\/product"}],"replies":[{"embeddable":true,"href":"https:\/\/hamsayapi.com\/index.php\/wp-json\/wp\/v2\/comments?post=10540"}],"version-history":[{"count":1,"href":"https:\/\/hamsayapi.com\/index.php\/wp-json\/wp\/v2\/product\/10540\/revisions"}],"predecessor-version":[{"id":10542,"href":"https:\/\/hamsayapi.com\/index.php\/wp-json\/wp\/v2\/product\/10540\/revisions\/10542"}],"wp:featuredmedia":[{"embeddable":true,"href":"https:\/\/hamsayapi.com\/index.php\/wp-json\/wp\/v2\/media\/10541"}],"wp:attachment":[{"href":"https:\/\/hamsayapi.com\/index.php\/wp-json\/wp\/v2\/media?parent=10540"}],"wp:term":[{"taxonomy":"pwb-brand","embeddable":true,"href":"https:\/\/hamsayapi.com\/index.php\/wp-json\/wp\/v2\/pwb-brand?post=10540"},{"taxonomy":"product_brand","embeddable":true,"href":"https:\/\/hamsayapi.com\/index.php\/wp-json\/wp\/v2\/product_brand?post=10540"},{"taxonomy":"product_cat","embeddable":true,"href":"https:\/\/hamsayapi.com\/index.php\/wp-json\/wp\/v2\/product_cat?post=10540"},{"taxonomy":"product_tag","embeddable":true,"href":"https:\/\/hamsayapi.com\/index.php\/wp-json\/wp\/v2\/product_tag?post=10540"}],"curies":[{"name":"wp","href":"https:\/\/api.w.org\/{rel}","templated":true}]}}