{"id":10536,"date":"2024-04-21T22:15:54","date_gmt":"2024-04-21T19:15:54","guid":{"rendered":"https:\/\/hamsayapi.com\/?post_type=product&#038;p=10536"},"modified":"2024-04-21T22:15:54","modified_gmt":"2024-04-21T19:15:54","slug":"kaynakci-gozlugu-yesil","status":"publish","type":"product","link":"https:\/\/hamsayapi.com\/index.php\/urun\/kaynakci-gozlugu-yesil\/","title":{"rendered":"Kaynak\u00e7\u0131 G\u00f6zl\u00fc\u011f\u00fc Ye\u015fil"},"content":{"rendered":"","protected":false},"excerpt":{"rendered":"","protected":false},"featured_media":10537,"comment_status":"open","ping_status":"closed","template":"","meta":[],"pwb-brand":[],"product_brand":[],"product_cat":[458,453,556],"product_tag":[574],"class_list":{"0":"post-10536","1":"product","2":"type-product","3":"status-publish","4":"has-post-thumbnail","6":"product_cat-kaynak-aksesuarlari-ve-kimyasallari","7":"product_cat-kaynak-ve-gaz-ekipmanlari","8":"product_cat-koruyucu-ekipmanlar","9":"product_tag-kaynakci-gozlugu-yesil","11":"first","12":"instock","13":"shipping-taxable","14":"product-type-simple"},"brands":[],"_links":{"self":[{"href":"https:\/\/hamsayapi.com\/index.php\/wp-json\/wp\/v2\/product\/10536","targetHints":{"allow":["GET"]}}],"collection":[{"href":"https:\/\/hamsayapi.com\/index.php\/wp-json\/wp\/v2\/product"}],"about":[{"href":"https:\/\/hamsayapi.com\/index.php\/wp-json\/wp\/v2\/types\/product"}],"replies":[{"embeddable":true,"href":"https:\/\/hamsayapi.com\/index.php\/wp-json\/wp\/v2\/comments?post=10536"}],"version-history":[{"count":2,"href":"https:\/\/hamsayapi.com\/index.php\/wp-json\/wp\/v2\/product\/10536\/revisions"}],"predecessor-version":[{"id":10539,"href":"https:\/\/hamsayapi.com\/index.php\/wp-json\/wp\/v2\/product\/10536\/revisions\/10539"}],"wp:featuredmedia":[{"embeddable":true,"href":"https:\/\/hamsayapi.com\/index.php\/wp-json\/wp\/v2\/media\/10537"}],"wp:attachment":[{"href":"https:\/\/hamsayapi.com\/index.php\/wp-json\/wp\/v2\/media?parent=10536"}],"wp:term":[{"taxonomy":"pwb-brand","embeddable":true,"href":"https:\/\/hamsayapi.com\/index.php\/wp-json\/wp\/v2\/pwb-brand?post=10536"},{"taxonomy":"product_brand","embeddable":true,"href":"https:\/\/hamsayapi.com\/index.php\/wp-json\/wp\/v2\/product_brand?post=10536"},{"taxonomy":"product_cat","embeddable":true,"href":"https:\/\/hamsayapi.com\/index.php\/wp-json\/wp\/v2\/product_cat?post=10536"},{"taxonomy":"product_tag","embeddable":true,"href":"https:\/\/hamsayapi.com\/index.php\/wp-json\/wp\/v2\/product_tag?post=10536"}],"curies":[{"name":"wp","href":"https:\/\/api.w.org\/{rel}","templated":true}]}}