{"id":10023,"date":"2024-04-20T22:54:10","date_gmt":"2024-04-20T19:54:10","guid":{"rendered":"https:\/\/hamsayapi.com\/?post_type=product&#038;p=10023"},"modified":"2024-04-20T22:54:11","modified_gmt":"2024-04-20T19:54:11","slug":"betonda-uzun-kullanim-omurlu-delici","status":"publish","type":"product","link":"https:\/\/hamsayapi.com\/index.php\/urun\/betonda-uzun-kullanim-omurlu-delici\/","title":{"rendered":"Betonda Uzun Kullan\u0131m \u00d6m\u00fcrl\u00fc Delici"},"content":{"rendered":"","protected":false},"excerpt":{"rendered":"","protected":false},"featured_media":10024,"comment_status":"open","ping_status":"closed","template":"","meta":[],"pwb-brand":[],"product_brand":[],"product_cat":[142,118],"product_tag":[402],"class_list":{"0":"post-10023","1":"product","2":"type-product","3":"status-publish","4":"has-post-thumbnail","6":"product_cat-elmas-aksesuarlari","7":"product_cat-kesme-delme-ve-asindiricilar","8":"product_tag-betonda-uzun-kullanim-omurlu-delici","10":"first","11":"instock","12":"shipping-taxable","13":"product-type-simple"},"brands":[],"_links":{"self":[{"href":"https:\/\/hamsayapi.com\/index.php\/wp-json\/wp\/v2\/product\/10023","targetHints":{"allow":["GET"]}}],"collection":[{"href":"https:\/\/hamsayapi.com\/index.php\/wp-json\/wp\/v2\/product"}],"about":[{"href":"https:\/\/hamsayapi.com\/index.php\/wp-json\/wp\/v2\/types\/product"}],"replies":[{"embeddable":true,"href":"https:\/\/hamsayapi.com\/index.php\/wp-json\/wp\/v2\/comments?post=10023"}],"version-history":[{"count":1,"href":"https:\/\/hamsayapi.com\/index.php\/wp-json\/wp\/v2\/product\/10023\/revisions"}],"predecessor-version":[{"id":10025,"href":"https:\/\/hamsayapi.com\/index.php\/wp-json\/wp\/v2\/product\/10023\/revisions\/10025"}],"wp:featuredmedia":[{"embeddable":true,"href":"https:\/\/hamsayapi.com\/index.php\/wp-json\/wp\/v2\/media\/10024"}],"wp:attachment":[{"href":"https:\/\/hamsayapi.com\/index.php\/wp-json\/wp\/v2\/media?parent=10023"}],"wp:term":[{"taxonomy":"pwb-brand","embeddable":true,"href":"https:\/\/hamsayapi.com\/index.php\/wp-json\/wp\/v2\/pwb-brand?post=10023"},{"taxonomy":"product_brand","embeddable":true,"href":"https:\/\/hamsayapi.com\/index.php\/wp-json\/wp\/v2\/product_brand?post=10023"},{"taxonomy":"product_cat","embeddable":true,"href":"https:\/\/hamsayapi.com\/index.php\/wp-json\/wp\/v2\/product_cat?post=10023"},{"taxonomy":"product_tag","embeddable":true,"href":"https:\/\/hamsayapi.com\/index.php\/wp-json\/wp\/v2\/product_tag?post=10023"}],"curies":[{"name":"wp","href":"https:\/\/api.w.org\/{rel}","templated":true}]}}