{"id":10005,"date":"2024-04-20T22:50:38","date_gmt":"2024-04-20T19:50:38","guid":{"rendered":"https:\/\/hamsayapi.com\/?post_type=product&#038;p=10005"},"modified":"2024-04-20T22:50:38","modified_gmt":"2024-04-20T19:50:38","slug":"dis-cap-tornalama-kateri","status":"publish","type":"product","link":"https:\/\/hamsayapi.com\/index.php\/urun\/dis-cap-tornalama-kateri\/","title":{"rendered":"D\u0131\u015f \u00c7ap Tornalama Kateri"},"content":{"rendered":"","protected":false},"excerpt":{"rendered":"","protected":false},"featured_media":10006,"comment_status":"open","ping_status":"closed","template":"","meta":[],"pwb-brand":[],"product_brand":[],"product_cat":[141,118],"product_tag":[396],"class_list":{"0":"post-10005","1":"product","2":"type-product","3":"status-publish","4":"has-post-thumbnail","6":"product_cat-katerler","7":"product_cat-kesme-delme-ve-asindiricilar","8":"product_tag-dis-cap-tornalama-kateri","10":"first","11":"instock","12":"shipping-taxable","13":"product-type-simple"},"brands":[],"_links":{"self":[{"href":"https:\/\/hamsayapi.com\/index.php\/wp-json\/wp\/v2\/product\/10005","targetHints":{"allow":["GET"]}}],"collection":[{"href":"https:\/\/hamsayapi.com\/index.php\/wp-json\/wp\/v2\/product"}],"about":[{"href":"https:\/\/hamsayapi.com\/index.php\/wp-json\/wp\/v2\/types\/product"}],"replies":[{"embeddable":true,"href":"https:\/\/hamsayapi.com\/index.php\/wp-json\/wp\/v2\/comments?post=10005"}],"version-history":[{"count":1,"href":"https:\/\/hamsayapi.com\/index.php\/wp-json\/wp\/v2\/product\/10005\/revisions"}],"predecessor-version":[{"id":10007,"href":"https:\/\/hamsayapi.com\/index.php\/wp-json\/wp\/v2\/product\/10005\/revisions\/10007"}],"wp:featuredmedia":[{"embeddable":true,"href":"https:\/\/hamsayapi.com\/index.php\/wp-json\/wp\/v2\/media\/10006"}],"wp:attachment":[{"href":"https:\/\/hamsayapi.com\/index.php\/wp-json\/wp\/v2\/media?parent=10005"}],"wp:term":[{"taxonomy":"pwb-brand","embeddable":true,"href":"https:\/\/hamsayapi.com\/index.php\/wp-json\/wp\/v2\/pwb-brand?post=10005"},{"taxonomy":"product_brand","embeddable":true,"href":"https:\/\/hamsayapi.com\/index.php\/wp-json\/wp\/v2\/product_brand?post=10005"},{"taxonomy":"product_cat","embeddable":true,"href":"https:\/\/hamsayapi.com\/index.php\/wp-json\/wp\/v2\/product_cat?post=10005"},{"taxonomy":"product_tag","embeddable":true,"href":"https:\/\/hamsayapi.com\/index.php\/wp-json\/wp\/v2\/product_tag?post=10005"}],"curies":[{"name":"wp","href":"https:\/\/api.w.org\/{rel}","templated":true}]}}